68 a multiple of 8?
True
Does 9 divide 54027?
True
Is 295 a multiple of 5?
True
Is 3312 a multiple of 18?
True
Is 19 a factor of 295?
False
Is 24555 a multiple of 23?
False
Is 7 a factor of 3816?
False
Is 2398 a multiple of 73?
False
Does 136 divide 10157?
False
Does 8 divide 315?
False
Is 18 a factor of 522?
True
Does 141 divide 26936?
False
Is 54019 a multiple of 39?
False
Is 765 a multiple of 85?
True
Is 58 a factor of 870?
True
Is 108 a factor of 5616?
True
Does 31 divide 1341?
False
Is 12540 a multiple of 15?
True
Is 74 a factor of 296?
True
Does 21 divide 21777?
True
Is 63 a factor of 1671?
False
Does 15 divide 8610?
True
Is 4 a factor of 47?
False
Is 4601 a multiple of 38?
False
Is 27260 a multiple of 20?
True
Does 6 divide 366?
True
Is 17 a factor of 9973?
False
Is 24 a factor of 8617?
False
Is 63 a factor of 13419?
True
Is 49056 a multiple of 84?
True
Is 12 a factor of 13020?
True
Does 25 divide 400?
True
Does 49 divide 23226?
True
Is 297 a multiple of 27?
True
Does 103 divide 411?
False
Is 14 a factor of 8176?
True
Is 34 a factor of 7184?
False
Is 1158 a multiple of 26?
False
Does 143 divide 7862?
False
Does 6 divide 1368?
True
Is 6960 a multiple of 80?
True
Does 17 divide 8469?
False
Is 28832 a multiple of 34?
True
Is 18 a factor of 1080?
True
Is 16 a factor of 416?
True
Does 37 divide 722?
False
Is 3604 a multiple of 68?
True
Is 24 a factor of 2847?
False
Is 5 a factor of 2468?
False
Is 17 a factor of 3367?
False
Does 4 divide 8?
True
Is 8165 a multiple of 115?
True
Does 15 divide 645?
True
Does 30 divide 6966?
False
Is 17884 a multiple of 34?
True
Is 30034 a multiple of 13?
False
Is 140722 a multiple of 51?
False
Is 1626 a multiple of 6?
True
Is 19 a factor of 1558?
True
Is 19 a multiple of 19?
True
Is 2214 a multiple of 42?
False
Is 3 a factor of 96?
True
Does 12 divide 36?
True
Does 21 divide 63?
True
Does 22 divide 760?
False
Is 485 a multiple of 47?
False
Is 86 a factor of 6106?
True
Does 16 divide 390?
False
Does 41 divide 820?
True
Does 22 divide 7789?
False
Is 114 a factor of 4332?
True
Is 28 a factor of 1626?
False
Is 32 a factor of 1184?
True
Is 3468 a multiple of 68?
True
Does 170 divide 7650?
True
Is 585 a multiple of 9?
True
Is 735 a multiple of 21?
True
Is 12711 a multiple of 8?
False
Does 68 divide 834?
False
Is 975 a multiple of 13?
True
Is 650 a multiple of 25?
True
Is 11764 a multiple of 120?
False
Is 14025 a multiple of 275?
True
Does 10 divide 500?
True
Is 62 a factor of 18972?
True
Does 62 divide 744?
True
Is 704 a multiple of 16?
True
Is 452 a multiple of 147?
False
Is 486 a multiple of 9?
True
Is 142 a multiple of 24?
False
Does 97 divide 1355?
False
Is 122 a multiple of 19?
False
Is 792 a multiple of 6?
True
Is 44 a factor of 980?
False
Is 115 a multiple of 10?
False
Is 127 a multiple of 4?
False
Does 21 divide 721?
False
Is 15 a factor of 735?
True
Is 414 a multiple of 37?
False
Is 23 a factor of 253?
True
Is 362 a multiple of 46?
False
Is 6 a factor of 3905?
False
Does 66 divide 38874?
True
Is 43 a multiple of 2?
False
Is 15450 a multiple of 103?
True
Is 12461 a multiple of 17?
True
Is 100001 a multiple of 27?
False
Does 19 divide 27396?
False
Does 14 divide 3340?
False
Is 14696 a multiple of 84?
False
Is 11 a factor of 1861?
False
Does 13 divide 16239?
False
Does 6 divide 9241?
False
Is 536 a multiple of 4?
True
Does 111 divide 6771?
True
Does 61 divide 1330?
False
Is 15773 a multiple of 75?
False
Is 92 a factor of 27048?
True
Does 46 divide 14076?
True
Is 29 a factor of 14500?
True
Is 20032 a multiple of 8?
True
Does 98 divide 14606?
False
Is 3432 a multiple of 52?
True
Does 14 divide 7241?
False
Is 478 a multiple of 34?
False
Is 955 a multiple of 23?
False
Is 112 a factor of 5477?
False
Does 86 divide 2494?
True
Does 50 divide 4050?
True
Is 56 a factor of 12098?
False
Is 29687 a multiple of 92?
False
Is 25 a factor of 752?
False
Does 57 divide 13305?
False
Is 27925 a multiple of 95?
False
Does 15 divide 600?
True
Is 1295 a multiple of 35?
True
Does 17 divide 680?
True
Is 43 a factor of 5461?
True
Is 17 a factor of 8993?
True
Does 9 divide 882?
True
Is 319 a multiple of 11?
True
Is 12870 a multiple of 165?
True
Is 185592 a multiple of 112?
False
Does 30 divide 8657?
False
Is 88 a factor of 11000?
True
Does 53 divide 48147?
False
Is 5732 a multiple of 17?
False
Does 5 divide 111?
False
Is 3097 a multiple of 74?
False
Does 61 divide 1121?
False
Is 8 a factor of 6584?
True
Is 70 a factor of 18834?
False
Does 95 divide 24888?
False
Does 278 divide 38947?
False
Is 271 a factor of 21680?
True
Does 134 divide 14224?
False
Does 16 divide 3792?
True
Is 8939 a multiple of 11?
False
Is 56 a factor of 842?
False
Is 16736 a multiple of 9?
False
Is 6 a factor of 720?
True
Does 84 divide 5880?
True
Is 6123 a multiple of 3?
True
Is 5775 a multiple of 15?
True
Does 221 divide 4862?
True
Does 16 divide 1904?
True
Is 12 a factor of 3096?
True
Is 70 a multiple of 14?
True
Does 3 divide 35?
False
Does 76 divide 2128?
True
Is 732 a multiple of 6?
True
Is 80 a factor of 1661?
False
Does 45 divide 255?
False
Is 114 a multiple of 4?
False
Does 36 divide 188?
False
Is 243 a factor of 7776?
True
Is 13 a factor of 202?
False
Is 691 a multiple of 22?
False
Is 22 a factor of 8510?
False
Is 5131 a multiple of 14?
False
Is 11 a factor of 6685?
False
Does 9 divide 49518?
True
Is 175536 a multiple of 24?
True
Does 79 divide 1501?
True
Is 161 a multiple of 3?
False
Is 224 a factor of 89600?
True
Is 7 a factor of 126?
True
Is 16 a factor of 1835?
False
Does 9 divide 223?
False
Is 17024 a multiple of 14?
True
Is 9130 a multiple of 11?
True
Is 26 a factor of 1742?
True
Is 131775 a multiple of 35?
True
Is 14 a factor of 2466?
False
Is 20 a factor of 533?
False
Is 19 a factor of 3633?
False
Is 2856 a multiple of 14?
True
Is 1408 a multiple of 9?
False
Is 73 a factor of 730?
True
Is 16 a factor of 1584?
True
Is 6 a factor of 11028?
True
Is 4 a factor of 1524?
True
Is 118 a factor of 24072?
True
Is 18804 a multiple of 50?
False
Is 3094 a multiple of 13?
True
Is 212 a factor of 20776?
True
Is 1348 even?
True
Is 18781 a multiple of 25?
False
Is 17 a factor of 306?
True
Is 17 a factor of 6239?
True
Is 3 a factor of 2766?
True
Is 54401 a multiple of 12?
False
Does 35 divide 2065?
True
Does 12 divide 58059?
False
Is 42404 a multiple of 220?
False
Is 13860 a multiple of 63?
True
Does 6 divide 19995?
False
Is 20 a factor of 23600?
True
Is 60 even?
True
Does 18 divide 334?
False
Is 13 a factor of 1024?
False
Is 99 a factor of 5347?
False
Is 1726 a multiple of 42?
False
Is 15 a factor of 1776?
False
Is 34 a factor of 2312?
True
Does 35 divide 2065?
True
Does 4 divide 1964?
True
Is 1628 a multiple of 37?
True
Is 151 a factor of 8909?
True
Does 17 divide 801?
False
Is 11776 a multiple of 7?
False
Does 7 divide 154?
True
Is 330 a multiple of 30?
True
Is 1666 a multiple of 51?
False
Is 240 a multiple of 8?
True
Is 31233 a multiple of 220?
False
Is 35 a factor of 665?
True
Does 50 divide 10409?
False
Is 36 even?
True
Is 15 a factor of 1065?
True
Is 60 a multiple of 3?
True
Is 104 a factor of 15704?
True
Is 28 a factor of 2184?
True
Is 5929 a multiple of 49?
True
Is 15 a factor of 63383?
False
Is 106 a factor of 4665?
False
Is 12 a factor of 4595?
False
Does 18 divide 5868?
True
Does 5 divide 19?
False
Is 10906 a multiple of 133?
True
Is 87 a factor of 6375?
False
Is 3 a factor of 99?
True
Does 6 divide 402?
True
Does 11 divide 308?
True
Is 518 a multiple of 74?
True
Does 23 divide 17738?
False
Is 12 a multiple of 4?
True
Is 8294 a multiple of 3?
False
Is 20 a factor of 77185?
False
Is 35887 a multiple of 17?
True
Is 21 a factor of 798?
True
Is 31 a factor of 15035?
True
Is 5980 a multiple of 20?
True
Is 8 a factor of 557?
False
Is 428 a multiple of 4?
True
Is 81 a multiple of 9?
True
Is 7 a factor of 507?
False
Does 25 divide 11275?
True
Does 5 divide 20?
True
Is 56 a multiple of 7?
True
Is 288 a multiple of 3?
True
Is 14 a factor of 63834?
False
Does 36 divide 245?
False
Is 26054 a multiple of 7?
True
Does 27 divide 1208?
False
Is 180 a multiple of 6?
True
Does 32 divide 9027?
False
Does 26 divide 858?
True
Is 77 a factor of 2695?
True
Does 30 divide 3824?
False
Is 8 a factor of 4832?
True
Does 27 divide 26669?
False
Is 52 a factor of 17285?
False
Is 53